3 - -41. Suppose v = 2*k - 186. Suppose 0 = -64*a + 48*a + 560. What is the remainder when k is divided by a?
32
Suppose 2*m - 30 = -x + 3*x, -5*m + 75 = 5*x. What is the remainder when 88 is divided by m?
13
Let w(b) = b**2 + 10*b - 59. What is the remainder when 70 is divided by w(-15)?
6
Suppose -5*y - 97 = 3*s + 4, -5*s - 73 = 4*y. What is the remainder when 77 is divided by (-2 - y/(-4))*8/(-3)?
17
Let g = -529 - -750. Let w = g - 106. What is the remainder when w is divided by 39?
37
Let u(a) = 51*a - 459. What is the remainder when 297 is divided by u(10)?
42
Suppose -4*r - 61 = 3*n - 10, -3 = 3*n. Calculate the remainder when 4/10 - 423/(-5) is divided by 33*(32/r)/(-4).
19
Let i(b) = b**3 - 8*b**2 - 3*b. Suppose 4*c = w + 3, 2*w - 4*c - 2 - 4 = 0. Let k(h) = -3*h - 13. Calculate the remainder when i(w) is divided by k(-8).
10
Let o(y) = -5*y**2 - 4*y - 4. Let z(a) = -a**2 - 11*a - 6. Let v be z(-11). Let n be o(v). Let j = -99 - n. What is the remainder when j is divided by 21?
19
Let j(t) = -14*t - 143. What is the remainder when 17 is divided by j(-11)?
6
Suppose 0 = 2*s - 10 - 6. Suppose s*d = 7*d + 19. What is the remainder when 74 is divided by d?
17
Calculate the remainder when 539 is divided by (-35 - -1)*(-2)/4.
12
Suppose 155*d = 174*d - 342. Suppose -520 = -3*u - 2*u. What is the remainder when 1/3 - u/(-3) is divided by d?
17
Suppose -1036 = -526*u + 489*u. What is the remainder when 109*(2 - (0 - -1)) is divided by u?
25
Suppose -227*y = -230*y + 93. Calculate the remainder when 216 is divided by y.
30
Suppose 45*o - 47 - 133 = 0. Suppose 2*d - 2 - 2 = 0. Suppose 2*k = a + d + 10, 5*a - 31 = -3*k. What is the remainder when k is divided by o?
3
Suppose b = -2*s + 29 + 16, -4*b - 2*s + 192 = 0. What is the remainder when 144 is divided by b?
46
Let g = 128 + 107. What is the remainder when g is divided by 7?
4
Let p(r) = r**3 + 48*r**2 - 50*r - 17. What is the remainder when p(-49) is divided by 6?
2
Let c(k) = -k**2 + 16*k - 26. Let i(x) = -3*x - 7. Let d be i(-6). Calculate the remainder when c(d) is divided by 10.
9
Let u(h) be the first derivative of 3*h**2/2 - 5*h + 33. Let j = -4 - -16. Calculate the remainder when u(j) is divided by 11.
9
Suppose -14 = -3*f + f. Suppose f*i = 11*i - 408. Calculate the remainder when i is divided by 27.
21
Suppose 6*y - 305 = y. Calculate the remainder when y is divided by (-2)/(20/(-194)) - 124/310.
4
What is the remainder when 66 is divided by 48/6 - (1 + -5 + -1)?
1
Let u = 708 - 503. Let c = u - 186. Let l(d) = -d + 2. Calculate the remainder when c is divided by l(-5).
5
Let w = 7 + 85. Let c = -2 - -51. What is the remainder when w is divided by c?
43
Let p(j) = 10*j**3 - 2*j**2 + 2*j - 1. Let g be (-19 + 11)*2/(-4). Suppose 0 = 3*x - 5*n - 8, -g*x = -3*x + n. What is the remainder when 14 is divided by p(x)?
5
Suppose -2*d - h + 242 = -257, 0 = -d - 3*h + 252. Calculate the remainder when d is divided by 85.
79
Let n(s) = -s**3 + 9*s**2 + 12*s + 14. Let z be -2 - (-9 + 3/(-1)). Let t = -13 + 25. Calculate the remainder when n(z) is divided by t.
10
What is the remainder when 2*(195/(-40))/(486/168 + -3) is divided by -10*(-6)/4 + 1?
11
Let o be -5 - -2 - (0 + -22). Let k = o - 7. Calculate the remainder when (-4)/(-16) - (-166)/8 is divided by k.
9
Suppose -5*k + 30*j = 34*j - 143, -j + 90 = 3*k. What is the remainder when 84 is divided by k?
22
Let z = -400 - -526. What is the remainder when z is divided by 30?
6
Let s(u) = -u**3 - 5*u**2 - 5*u - 2. Let b(t) = -21*t - 5. Let c be b(3). Calculate the remainder when 7/((-84)/c) - 4/6 is divided by s(-4).
1
Let a be (-32)/(-24) + (-4)/(-6). Suppose -2*w = -3*l - 9, -a*l + 51 = 4*w + 3*l. What is the remainder when 41 is divided by w?
5
Let x = -11 + 13. Suppose i + x*l - 29 = 77, -2*l = -2. What is the remainder when i is divided by 21?
20
What is the remainder when 437 is divided by ((3 - 7) + 3)/((-2)/44)?
19
Let b = 35 + -23. Suppose 0 = -5*g - 130 - 50. Let a = 69 + g. What is the remainder when a is divided by b?
9
Let u be (23/2 + 1)/((-1)/(-2)). Suppose -u - 35 = -4*b. What is the remainder when 57 is divided by b?
12
Let h = -103 - -113. What is the remainder when 39 is divided by h?
9
Suppose -5 = 2*c + 1, 0 = 4*u + 2*c - 262. Calculate the remainder when 124 is divided by u.
57
Let r = -526 - -587. What is the remainder when 182 is divided by r?
60
Let r = 469 - 257. Let s be 0 - (-5 + 1)*(-28 - -1). Let m = r + s. What is the remainder when m is divided by 21?
20
Suppose 2 = 2*n - 0. Let i = -4 - n. Calculate the remainder when 12 is divided by 9 + i + 1 + 2.
5
Let z be (-248)/(-88) + 4/22. Suppose 7*i = z*i + 88. Let n(r) = r**2 - 11*r + 8. What is the remainder when i is divided by n(11)?
6
Suppose -v + 2*v - 1 = 0. Suppose 32 = 3*q + 5*d, 4*q - 3*d - v - 3 = 0. What is the remainder when 12 is divided by q?
0
Let r(y) = 5*y + 31. Let j be r(-6). What is the remainder when 25 is divided by j*(-9)/(-3)*65/15?
12
Let a = 5246 + -5233. Let k(i) = 42*i**2 - i + 1. What is the remainder when k(1) is divided by a?
3
Suppose -44*s - h + 55 = -40*s, -3*s - 2*h + 35 = 0. Calculate the remainder when 1169 is divided by s.
14
Let y(o) = -o**3 - o**2 + 1. Let q be y(0). Let v(u) = q + 2*u - 20*u**3 - 7*u**3 + 6*u**3. What is the remainder when v(-1) is divided by 7?
6
Suppose -5*h + 16 = -2*c + 70, -4*c - 2*h + 60 = 0. Suppose -3*i + 2*d + 2 = -c, 5*d + 30 = 4*i. Let x = i + 17. Calculate the remainder when x is divided by 6.
4
Suppose 3*z = -j + 276, -61*z = 3*j - 60*z - 836. Calculate the remainder when j is divided by 276.
3
Let z = 37 + 55. Let p(o) = o**3 + 58*o**2 - 17*o - 967. Calculate the remainder when z is divided by p(-58).
16
Let x = 95 - 74. What is the remainder when (5/(5/19))/(3/x) is divided by 45?
43
Suppose -10*o - 1270 = -15*o - t, 3*o = 5*t + 762. What is the remainder when o is divided by 129?
125
Let d(r) = -24*r - 55. What is the remainder when d(-3) is divided by 9?
8
Let s(k) = -8*k + 173. Calculate the remainder when 122 is divided by s(15).
16
Let c = 14 - -74. Let y = -5922 - -5952. What is the remainder when c is divided by y?
28
Let m = 527 - 459. Let p = -4 - -27. Calculate the remainder when m is divided by p.
22
Let g(u) = u**3 - 6*u**2 + 5*u - 7. Let z = 55 + -59. What is the remainder when g(6) is divided by -1 + 1/(z/(-56))?
10
Let m(i) = -i**3 + 11*i**2 - 15*i + 4. What is the remainder when 214 is divided by m(9)?
28
Let g(p) = -p**2 - 6*p - 6. Let v be g(-6). Suppose 0 = -173*n + 176*n - 189. Calculate the remainder when n is divided by (2/v)/((-4)/396).
30
Let c = -285 - -679. What is the remainder when c is divided by 100?
94
Let d(w) = w**2 + 2*w + 3. Let k be d(-2). Suppose 2*t + 76 = k*t. Suppose -2*g + t = -5*n, -4*n + 114 = 2*g + g. What is the remainder when g is divided by 10?
8
Let b be 8/3*27/18. Suppose 5*r - b*o - 27 = 0, -r - 4*o = o + 12. Suppose 3*d - 3*l - 3 = 18, r*l = -d - 13. What is the remainder when d is divided by 1?
0
Let x(i) = i**2 + 3. Let b be x(-4). Suppose 4*n + 3*r = b, 3*r + 9 = -0. Calculate the remainder when ((-12)/7)/((-1)/n) is divided by 7.
5
Suppose 3 = 3*c, 0*f + 5*c = 4*f + 29. Let k = 9 + f. Suppose 18 = 5*o - k*o. Calculate the remainder when 15 is divided by o.
6
Let z = 50 - 25. Let l = 2604 + -2506. Calculate the remainder when l is divided by z.
23
Calculate the remainder when (-112)/(-24)*(-138)/(-4) is divided by 24.
17
What is the remainder when 60/(-9)*180/(-24) is divided by 17?
16
Suppose -2*b + 17 = -5*u - 203, 0 = 3*b - 3*u - 348. Let x be -4*(4 + -3) + b. Let k = x + -77. Calculate the remainder when k is divided by 20.
19
Let j = -80 + 445. Suppose 2*m + m = 5*p - j, -m = 0. What is the remainder when p is divided by 16?
9
Suppose 4 = 2*w - 2. Suppose w*v = -4*y + 306, v - 8 = -3*v. What is the remainder when y is divided by 13?
10
What is the remainder when (3 - 3) + 1/(3/231) is divided by 58?
19
Let w(o) = o**2 - 3*o - 13. Suppose 51 = 2*p - 5*b, 0*p - 2*p = -2*b - 36. Calculate the remainder when w(-8) is divided by p.
10
Suppose 0 = -41*b + 1250 + 554. What is the remainder when b is divided by 17?
10
What is the remainder when 290 is divided by 15/10 + (-444)/(-24)?
10
Let y(z) = z**3 + 15*z**2 - 37*z - 41. Let d be (16/